{"id":2,"date":"2015-12-04T12:25:14","date_gmt":"2015-12-04T11:25:14","guid":{"rendered":"http:\/\/imedj.net\/?page_id=2"},"modified":"2016-03-03T12:20:58","modified_gmt":"2016-03-03T11:20:58","slug":"page-d-exemple","status":"publish","type":"page","link":"https:\/\/imedj.net\/index.php\/page-d-exemple\/","title":{"rendered":"Qui Sommes Nous ?"},"content":{"rendered":"<p>En ao\u00fbt 1983, la Vierge lan\u00e7a un appel :\u00a0 <strong>\u00ab\u00a0J&rsquo;ai moi-m\u00eame invit\u00e9 chacun de vous en ce lieu, car j&rsquo;ai besoin de vous pour transmettre mes messages au monde entier\u00a0\u00bb.<\/strong><\/p>\n<p>Ce message est le fondement de notre famille car nous voulons r\u00e9pondre \u00e0 cet appel et nous mettre \u00e0 l&rsquo;oeuvre avec elle. Vous \u00eates invit\u00e9s \u00e0 entrer dans la famille des <strong>\u00ab\u00a0Enfants de Medjugorje\u00a0\u00bb<\/strong> <strong>!<\/strong><\/p>\n<p>Cela consiste en un engagement de pri\u00e8re quotidienne, afin que les plans de Marie se r\u00e9alisent : Elle est venue pour \u00ab\u00a0convertir le monde entier et le r\u00e9concilier avec Dieu\u00a0\u00bb.<\/p>\n<p>Chacun des \u00ab\u00a0EDM\u00a0\u00bb aura \u00e0 coeur de vivre ses messages et de la faire conna\u00eetre selon ses capacit\u00e9s propres.<\/p>\n<p>Tous les 3 mois, les EDM re\u00e7oivent un bulletin ( 16 pages, photos couleurs) avec les nouvelles pour rester en lien avec Medjugorje.<\/p>\n<p>L&rsquo;inscription n&rsquo;a pas de tarif fixe car elle est laiss\u00e9e au coeur de chacun.<\/p>\n<p>(la conception et l&rsquo;envoi des bulletins co\u00fbte environ 30.000 euros par an).<\/p>\n<p>Vos offrandes sont bienvenues, pour que l&rsquo;\u00e9quipe sur place puisse continuer sa mission aupr\u00e8s des p\u00e8lerins et des \u00ab\u00a0ex-p\u00e8lerins\u00a0\u00bb du monde entier.<\/p>\n<p>MERCI !<\/p>\n<p>&nbsp;<\/p>\n<p><a href=\"http:\/\/www.enfantsdemedjugorje.fr\/\" target=\"_blank\">Enfants de Medjugorje<\/a>, le site sur Medjugorje avec Soeur Emmanuel Maillard, religieuse \u00e0 la communaut\u00e9 des b\u00e9atitudes. Elle a re\u00e7u un appel particulier de la GOSPA \u00e0 transmettre le message de Marie \u00e0 MEDJUGORJE aupr\u00e8s des Fran\u00e7ais.<\/p>\n","protected":false},"excerpt":{"rendered":"<p>En ao\u00fbt 1983, la Vierge lan\u00e7a un appel :\u00a0 \u00ab\u00a0J&rsquo;ai moi-m\u00eame invit\u00e9 chacun de vous en ce lieu, car j&rsquo;ai besoin de vous pour transmettre mes messages au monde entier\u00a0\u00bb. Ce message est le fondement de notre famille car nous voulons r\u00e9pondre \u00e0 cet appel et nous mettre \u00e0 l&rsquo;oeuvre \u2026<\/p>\n<p class=\"continue-reading-button\"> <a class=\"continue-reading-link\" href=\"https:\/\/imedj.net\/index.php\/page-d-exemple\/\">Continue reading<i class=\"crycon-right-dir\"><\/i><\/a><\/p>\n","protected":false},"author":1,"featured_media":0,"parent":0,"menu_order":0,"comment_status":"closed","ping_status":"open","template":"","meta":{"_monsterinsights_skip_tracking":false,"_monsterinsights_sitenote_active":false,"_monsterinsights_sitenote_note":"","_monsterinsights_sitenote_category":0,"spay_email":""},"jetpack_sharing_enabled":true,"jetpack_shortlink":"https:\/\/wp.me\/P9zdDO-2","_links":{"self":[{"href":"https:\/\/imedj.net\/index.php\/wp-json\/wp\/v2\/pages\/2"}],"collection":[{"href":"https:\/\/imedj.net\/index.php\/wp-json\/wp\/v2\/pages"}],"about":[{"href":"https:\/\/imedj.net\/index.php\/wp-json\/wp\/v2\/types\/page"}],"author":[{"embeddable":true,"href":"https:\/\/imedj.net\/index.php\/wp-json\/wp\/v2\/users\/1"}],"replies":[{"embeddable":true,"href":"https:\/\/imedj.net\/index.php\/wp-json\/wp\/v2\/comments?post=2"}],"version-history":[{"count":3,"href":"https:\/\/imedj.net\/index.php\/wp-json\/wp\/v2\/pages\/2\/revisions"}],"predecessor-version":[{"id":113,"href":"https:\/\/imedj.net\/index.php\/wp-json\/wp\/v2\/pages\/2\/revisions\/113"}],"wp:attachment":[{"href":"https:\/\/imedj.net\/index.php\/wp-json\/wp\/v2\/media?parent=2"}],"curies":[{"name":"wp","href":"https:\/\/api.w.org\/{rel}","templated":true}]}}